ivided by 2123?
300
Calculate the remainder when 669250 is divided by 792.
10
Calculate the remainder when 2656691 is divided by 1560.
11
Calculate the remainder when 14182823 is divided by 8549.
32
Calculate the remainder when 11903234 is divided by 885.
869
What is the remainder when 11080168 is divided by 3830?
3808
Calculate the remainder when 414725028 is divided by 1965.
1953
Calculate the remainder when 10971807 is divided by 36.
15
What is the remainder when 2991623 is divided by 325?
323
What is the remainder when 715747472 is divided by 1382?
1380
What is the remainder when 5244164 is divided by 9640?
4
What is the remainder when 10426512 is divided by 226?
2
What is the remainder when 21007987 is divided by 28?
7
What is the remainder when 4010616 is divided by 1035?
1026
Calculate the remainder when 770380 is divided by 770360.
20
Calculate the remainder when 330421336 is divided by 41.
40
Calculate the remainder when 3001939 is divided by 104.
83
Calculate the remainder when 14025271 is divided by 64.
55
What is the remainder when 9613774 is divided by 28110?
154
Calculate the remainder when 452044260 is divided by 561.
558
Calculate the remainder when 8935218 is divided by 308110.
28
Calculate the remainder when 1604796 is divided by 59.
55
What is the remainder when 3287677 is divided by 3505?
3492
Calculate the remainder when 3129710 is divided by 679.
199
Calculate the remainder when 4991944 is divided by 151271.
1
Calculate the remainder when 3017429 is divided by 1508643.
143
Calculate the remainder when 716987 is divided by 1209.
50
Calculate the remainder when 140336449 is divided by 28214.
13
What is the remainder when 598981 is divided by 87?
73
What is the remainder when 20307 is divided by 1115?
237
Calculate the remainder when 51952212 is divided by 42169.
4
What is the remainder when 3513498 is divided by 878258?
466
What is the remainder when 85682033 is divided by 203?
199
What is the remainder when 5469756 is divided by 218?
136
What is the remainder when 51260 is divided by 1502?
192
What is the remainder when 50891 is divided by 471?
23
Calculate the remainder when 62811 is divided by 30697.
1417
Calculate the remainder when 319097 is divided by 4038.
95
Calculate the remainder when 186506341 is divided by 573.
571
What is the remainder when 12431689 is divided by 38?
27
Calculate the remainder when 66135723 is divided by 100054.
29
Calculate the remainder when 16873 is divided by 7666.
1541
Calculate the remainder when 77339015 is divided by 4275.
4265
Calculate the remainder when 14002850 is divided by 683.
667
What is the remainder when 180595 is divided by 1983?
142
What is the remainder when 91637 is divided by 2341?
338
What is the remainder when 10992682 is divided by 15?
7
Calculate the remainder when 154494 is divided by 11871.
171
What is the remainder when 382250 is divided by 1064?
274
Calculate the remainder when 10579197 is divided by 600.
597
Calculate the remainder when 198123 is divided by 65979.
186
Calculate the remainder when 17277749 is divided by 523568.
5
What is the remainder when 193852918 is divided by 246?
244
What is the remainder when 79108081 is divided by 5653?
5652
What is the remainder when 51794176 is divided by 62857?
8
Calculate the remainder when 1064691 is divided by 2669.
2429
What is the remainder when 707343 is divided by 58858?
1047
Calculate the remainder when 101974 is divided by 1361.
1260
What is the remainder when 411207 is divided by 139?
45
What is the remainder when 1888153 is divided by 29?
21
What is the remainder when 51678 is divided by 67?
21
Calculate the remainder when 1551873 is divided by 998.
981
Calculate the remainder when 134863 is divided by 134745.
118
Calculate the remainder when 45441 is divided by 43554.
1887
Calculate the remainder when 23805 is divided by 11867.
71
What is the remainder when 692778 is divided by 235?
233
What is the remainder when 2612425 is divided by 1498?
1411
Calculate the remainder when 922242 is divided by 184440.
42
Calculate the remainder when 62304 is divided by 62293.
11
Calculate the remainder when 5661107 is divided by 137.
130
What is the remainder when 196849 is divided by 629?
601
What is the remainder when 312017497 is divided by 13?
12
Calculate the remainder when 248448558 is divided by 9.
3
What is the remainder when 390647 is divided by 2472?
71
Calculate the remainder when 46355139 is divided by 23.
19
Calculate the remainder when 298412 is divided by 99238.
698
What is the remainder when 189757349 is divided by 15?
14
Calculate the remainder when 35503608 is divided by 2026.
2010
What is the remainder when 437502 is divided by 109371?
18
Calculate the remainder when 423786 is divided by 5805.
21
Calculate the remainder when 39185151 is divided by 128.
127
Calculate the remainder when 2705699 is divided by 1740.
1739
Calculate the remainder when 3445416 is divided by 1822.
14
Calculate the remainder when 1505739 is divided by 501209.
2112
Calculate the remainder when 209286 is divided by 26.
12
Calculate the remainder when 163310774 is divided by 48.
38
Calculate the remainder when 404892 is divided by 230.
92
Calculate the remainder when 27582148 is divided by 818.
6
Calculate the remainder when 67282635 is divided by 20.
15
Calculate the remainder when 12099825 is divided by 3142.
3125
Calculate the remainder when 7377452 is divided by 12.
8
What is the remainder when 2149748 is divided by 609?
587
What is the remainder when 528931 is divided by 1756?
375
Calculate the remainder when 13096303 is divided by 213.
211
What is the remainder when 472150 is divided by 7106?
3154
What is the remainder when 5713807 is divided by 1508?
1503
What is the remainder when 35674 is divided by 2749?
2686
What is the remainder when 664036 is divided by 83001?
28
Calculate the remainder when 78047 is divided by 18991.
2083
Calculate the remainder when 5655534 is divided by 15.
9
Calculate the remainder when 351252427 is divided by 649.
647
Calculate the remainder when 156707 is divided by 403.
343
What is the remainder when 45143 is divided by 45057?
86
Calculate the remainder when 99444 is divided by 19887.
9
What is the remainder when 2757030 is divided by 459490?
90
What is the remainder when 18568 is divided by 22?
0
Calculate the remainder when 84735 is divided by 36.
27
What is the remainder when 2345347 is divided by 118?
97
What is the remainder when 86682243 is divided by 29?
25
Calculate the remainder when 995030 is divided by 994987.
43
Calculate the remainder when 5246621 is divided by 437218.
5
What is the remainder when 22795882 is divided by 2781?
25
What is the remainder when 4251064 is divided by 81746?
272
Calculate the remainder when 57657 is divided by 1066.
93
Calculate the remainder when 622967 is divided by 3.
2
What is the remainder when 2680521 is divided by 893477?
90
Calculate the remainder when 719663 is divided by 80.
63
Calculate the remainder when 18041779 is divided by 673.
668
Calculate the remainder when 9993822 is divided by 1998757.
37
Calculate the remainder when 24800 is divided by 23765.
1035
What is the remainder when 14196574 is divided by 51?
10
What is the remainder when 11731148 is divided by 261?
242
Calculate the remainder when 1481709 is divided by 77968.
317
Calculate the remainder when 99459 is divided by 773.
515
What is the remainder when 6606354 is divided by 360?
354
What is the remainder when 62449020 is divided by 247?
10
Calculate the remainder when 4724271 is divided by 363361.
578
Calculate the remainder when 19634609 is divided by 848.
17
Calculate the remainder when 15903838 is divided by 5910.
28
Calculate the remainder when 3964992 is divided by 276.
252
Calculate the remainder when 43120 is divided by 42934.
186
What is the remainder when 349635 is divided by 1433?
1416
Calculate the remainder when 238889 is divided by 15888.
569
Calculate the remainder when 65990311 is divided by 1909.
1908
What is the remainder when 8000 is divided by 4482?
3518
Calculate the remainder when 29748 is divided by 29004.
744
What is the remainder when 18695104 is divided by 61700?
4
Calculate the remainder when 7911903 is divided by 3725.
3
What is the remainder when 324476